11011011?
111101100
In base 2, what is -110000001111000 + 1?
-110000001110111
In base 11, what is 19 - 25526?
-25508
In base 2, what is -10001000101 - -1?
-10001000100
In base 4, what is 11313100 + -1?
11313033
In base 12, what is -15 - -27b8?
27a3
In base 16, what is 5b + 684?
6df
In base 12, what is 90404 - -2?
90406
In base 16, what is -5 - -13bac?
13ba7
In base 16, what is 5 - -4c0?
4c5
In base 3, what is 2221201010 + 111?
2221201121
In base 6, what is 2 + -54213?
-54211
In base 4, what is -233121 - -32101?
-201020
In base 16, what is 1 + b8737?
b8738
In base 11, what is -2 - 59423?
-59425
In base 7, what is 2 + -44020?
-44015
In base 9, what is -3476 + -11?
-3487
In base 6, what is 11505331 + 0?
11505331
In base 10, what is -418 + 620?
202
In base 5, what is -3 + 2020123?
2020120
In base 13, what is -610745 + -2?
-610747
In base 8, what is 1163533 - -20?
1163553
In base 10, what is -5 + 9755?
9750
In base 15, what is 74 + -206?
-182
In base 2, what is 11 + 1000100010010?
1000100010101
In base 16, what is 1d2e9 - 17?
1d2d2
In base 12, what is -20 + 2a251?
2a231
In base 14, what is -16a7 - -50?
-1657
In base 7, what is 15233 - -1226?
16462
In base 6, what is -3 + 1512420?
1512413
In base 6, what is 11520024 + -2?
11520022
In base 3, what is -1 - 201201201211?
-201201201212
In base 14, what is -19 + 176?
15b
In base 2, what is 1000101 - -1011001111100?
1011011000001
In base 4, what is -11032300 - -1?
-11032233
In base 7, what is -464264 + -4?
-464301
In base 13, what is 4b4a0 - 2?
4b49b
In base 14, what is 5 + 55556?
5555b
In base 7, what is 5 + 34233?
34241
In base 16, what is -6 + 82982?
8297c
In base 11, what is 1a + -7a96?
-7a77
In base 16, what is -cda + -94?
-d6e
In base 15, what is -2 + 215a?
2158
In base 15, what is -45e - 11?
-470
In base 16, what is -db8 - 4c?
-e04
In base 4, what is -101 + 32232122?
32232021
In base 13, what is -86b8 - -5?
-86b3
In base 6, what is -202 + -1143?
-1345
In base 4, what is 331310 + 32?
332002
In base 4, what is 103 - -332012?
332121
In base 15, what is -2cdc + -6?
-2ce3
In base 12, what is 36aa92 - 0?
36aa92
In base 10, what is -7 - -278?
271
In base 9, what is 2 + -10304?
-10302
In base 6, what is 42 - -54235?
54321
In base 15, what is -2457 - 1?
-2458
In base 16, what is 1234 - -1?
1235
In base 5, what is -2040322 + -20?
-2040342
In base 13, what is 60 - -16?
76
In base 6, what is -1441403 + 2?
-1441401
In base 8, what is 5 - 64214?
-64207
In base 3, what is -12122121222 - 12?
-12122122011
In base 13, what is 141 - 58?
b6
In base 8, what is 471 + -21221?
-20530
In base 10, what is 3 - 336298?
-336295
In base 10, what is -508 - -264?
-244
In base 14, what is -3 + c225?
c222
In base 7, what is -122 + -424?
-546
In base 13, what is -18651 - -1?
-18650
In base 2, what is 1001110001000111 + -1?
1001110001000110
In base 10, what is -5 + -4570?
-4575
In base 15, what is 3d39b - -6?
3d3a2
In base 12, what is 17 + -51a81?
-51a66
In base 11, what is -6 - 1aa63?
-1aa69
In base 12, what is 2 - -42a0?
42a2
In base 7, what is -12103 - 6?
-12112
In base 7, what is 1645 - -1344?
3322
In base 14, what is c78ad + 0?
c78ad
In base 13, what is -116 + -172?
-288
In base 9, what is 3 - -213521?
213524
In base 14, what is 4b218 + -8?
4b210
In base 14, what is -bad81 - 2?
-bad83
In base 3, what is 20011 - -200120?
220201
In base 8, what is 36 - -54141?
54177
In base 11, what is 59857 + 40?
59897
In base 13, what is -44421 - -3?
-4441b
In base 5, what is 43 + 2314201?
2314244
In base 15, what is -2 - 1a5a06?
-1a5a08
In base 12, what is 2368 - 349?
201b
In base 7, what is 13 - 163662?
-163646
In base 11, what is -599 + -867?
-1355
In base 7, what is -5451014 + -1?
-5451015
In base 10, what is -3 - 53534?
-53537
In base 15, what is -3432 + 1?
-3431
In base 7, what is 0 - 256464?
-256464
In base 2, what is -110110101 - -1?
-110110100
In base 16, what is -d82 + e?
-d74
In base 4, what is -113 + -221031?
-221210
In base 7, what is -10500 + 2200?
-5300
In base 10, what is -148070 - 5?
-148075
In base 3, what is 2 - 2002212202?
-2002212200
In base 2, what is 1 - 11011000110010?
-11011000110001
In base 7, what is 3 - -4313262?
4313265
In base 13, what is c + -3435?
-3426
In base 6, what is 0 - -113100?
113100
In base 9, what is -78482 + -3?
-78485
In base 3, what is 10 - 10201210200?
-10201210120
In base 7, what is -2353 - -352?
-2001
In base 16, what is ae73 - -4?
ae77
In base 8, what is 75 + -1404?
-1307
In base 5, what is -4 - 1441103?
-1441112
In base 6, what is 1350 + -203?
1143
In base 13, what is 1 + 80c4?
80c5
In base 13, what is 5 - 44291?
-44289
In base 6, what is -4204 + -3203?
-11411
In base 6, what is -244 - -1532?
1244
In base 12, what is 382 + -6b?
313
In base 13, what is 214a - 34?
2116
In base 8, what is 143 - 13742?
-13577
In base 10, what is -5033 + 1?
-5032
In base 4, what is 113313 + 333?
120312
In base 9, what is 1078756 + -3?
1078753
In base 5, what is -2242 + 12044?
4302
In base 11, what is 3 - -310a?
3112
In base 4, what is 3 + 2320?
2323
In base 9, what is -26 + 217?
181
In base 8, what is -355 + 6511?
6134
In base 8, what is -70 - 5200?
-5270
In base 5, what is -21230 - -1222?
-20003
In base 4, what is 13 - -12120220?
12120233
In base 6, what is -1 + -340540?
-340541
In base 13, what is 1 + -20906?
-20905
In base 2, what is 11 - -111100110100000?
111100110100011
In base 12, what is 611 - -58?
669
In base 6, what is 10431402 + 3?
10431405
In base 10, what is 5 - 7700?
-7695
In base 4, what is -2213212 - 3011?
-2222223
In base 6, what is -4 + 541533?
541525
In base 10, what is 3290 - 1534?
1756
In base 5, what is 434 + 11?
1000
In base 13, what is -3 + 21046?
21043
In base 16, what is -c - 1f7a8?
-1f7b4
In base 16, what is 334 + 29?
35d
In base 12, what is -b918 - 4?
-b920
In base 3, what is -12200010201020 - -10?
-12200010201010
In base 2, what is 110001011 + 111111100100?
1000101101111
In base 10, what is 0 + -2851?
-2851
In base 2, what is -10000111010 + -10110000?
-10011101010
In base 6, what is -42012 - -4?
-42004
In base 7, what is -32212260 + -5?
-32212265
In base 12, what is 93 - -4?
97
In base 5, what is -14134 - -4333?
-4301
In base 15, what is -890 - e?
-89e
In base 5, what is 2004 - -114321?
121330
In base 11, what is -14 - -2681?
2668
In base 12, what is 12 - 18407?
-183b5
In base 3, what is -101012022 - -10?
-101012012
In base 13, what is 4 - b5b?
-b57
In base 14, what is 8b + -6d2?
-645
In base 4, what is -3 + -2210213?
-2210222
In base 10, what is 831 + 665?
1496
In base 13, what is 2c9 - 96?
233
In base 15, what is 0 - 7ba1?
-7ba1
In base 5, what is -1141111 + 1?
-1141110
In base 14, what is -10178c + 1?
-10178b
In base 6, what is -10355223 - 4?
-10355231
In base 11, what is -306a4 + 1?
-306a3
In base 12, what is 2 - 2271b?
-22719
In base 8, what is 535011 - 5?
535004
In base 4, what is -23223 - -120?
-23103
In base 8, what is 1 - -305024?
305025
In base 13, what is -7ba - 37?
-824
In base 6, what is -4424 + 541?
-3443
In base 8, what is -175 - 57663?
-60060
In base 12, what is -3330 + 10?
-3320
In base 3, what is -12102200012 + 1002?
-12102122010
In base 2, what is -100 - -110010101?
110010001
In base 3, what is -21002002 + 102?
-21001200
In base 3, what is 11 + -1020021100021?
-1020021100010
In base 13, what is -47 + -1b1?
-228
In base 9, what is 2 - -38180?
38182
In base 16, what is 18da - -e?
18e8
In base 7, what is 41061 + 550?
41641
In base 11, what is -35 + 93a1?
9367
In base 5, what is 1212132 - 43?
1212034
In base 4, what is -10233 + 133123?
122230
In base 15, what is -8 - -e496?
e48d
In base 14, what is -49a - 870?
-d2a
In base 16, what is 1a36 - -4?
1a3a
In base 5, what is 12 - 2123040?
-2123023
In base 3, what is 10021102001 + 2011?
10021111012
In base 11, what is -173a + -37?
-1776
In base 3, what is 12111022222 + 2?
12111100001
In base 2, what is -1100011000 - 1100110110?
-11001001110
In base 16, what is -239 - -555?
31c
In base 11, what is -10 - -7877?
7867
In base 9, what is 15 - -2680?
2705
In base 3, what is 11200010 - -22212?
11222222
In base 13, what is -ca517 - -b?
-ca509
In base 4, what is -2 - 2012303?
-2012311
In base 9, what is 172748 - -1?
172750
In base 16, what is 1b + b06?
b21
In base 14, what is -da3 - -1?
-da2
In base 16, what is 1 - -3087?
3088
In base 1